digit of x?
3
Let r = -124 + -439. Let l = 866 + r. What is the units digit of l?
3
Suppose -56*p = -7926 - 68458. What is the units digit of p?
4
Suppose 0 = -2*z + 4*u - 14918 + 84824, -u + 209822 = 6*z. What is the tens digit of z?
6
Let o be (-6 - 1780/(-4))*9. Suppose -22*b + 141 = -o. What is the units digit of b?
6
Let b(h) = -h**3 - 37*h**2 - 136*h + 39. Let c be b(-33). Suppose -5*s + 448 = -s. Let u = c - s. What is the tens digit of u?
5
Let z(d) = 20*d**2 + 9*d - 6. Let m be z(-3). Let x = 174 + m. What is the tens digit of x?
2
Let k(j) = 7*j - 20. Let m be 22/(-2 + 4)*1. Let x(b) = b**3 - 10*b**2 - 12*b + 22. Let g be x(m). What is the units digit of k(g)?
7
Let t = -129 + 425. Let b = 217 + t. What is the units digit of b?
3
Let g(p) = -11*p - 943. What is the units digit of g(-186)?
3
Suppose -6567470 - 6069735 = -156*u - 3707921. What is the ten thousands digit of u?
5
Suppose 0 = -4*q - 4*j - 8424, -2*j = -2*q - 3188 - 1012. Let f = 3682 + q. Suppose 7*s - f = -312. What is the tens digit of s?
8
Suppose -40*l - 18606 = -19*l. Let y = l - -1574. What is the hundreds digit of y?
6
Let h be 6/(-9)*(-27)/18. Let z(t) = 224*t - 8. What is the units digit of z(h)?
6
Suppose 0*y - y = -3. Let f(d) = 59*d + 2820. Let h be f(-45). Suppose y*k + h - 438 = 0. What is the tens digit of k?
9
Let t = -988 + 589. Let i = 695 + t. Suppose 2*s - i = -14. What is the hundreds digit of s?
1
Let g be (6 - (1 - -5)) + -5. Let q(r) = -3*r**3 + 5*r**2 + 6*r - 4. What is the hundreds digit of q(g)?
4
Suppose 5*f - 12820 = 5*r, 0 = f + 5*r - 5355 + 2815. What is the tens digit of f?
6
Suppose 0 = -7*c + 98 - 35. Suppose 0 = c*j - 301 - 536. Suppose -3*p + 74 + j = 5*n, p + 171 = 5*n. What is the tens digit of n?
3
What is the hundreds digit of -2*(-5)/(-2)*(-970624)/320?
1
Let n(f) = -36*f + 366. Let g = 349 - 370. What is the hundreds digit of n(g)?
1
Let s(c) = 237*c + 12013. What is the units digit of s(0)?
3
Let i = -136 - -136. Suppose -n + 51 + 802 = i. What is the hundreds digit of n?
8
Let c = 49134 - 9791. What is the ten thousands digit of c?
3
Let q(z) = -z - 16. Let w be q(0). Let m be (-125)/2*w/10. Suppose -2*i - 4*a = -m, 62 = 3*i + 5*a - 86. What is the units digit of i?
6
Suppose 0 = 4*l + 12, -5*k + 9*l = 8*l - 52103. What is the units digit of k?
0
What is the thousands digit of (2200/(-66))/(1/138*-1)?
4
Let m = 2034 - 1274. Suppose 8*o - m = 72. What is the hundreds digit of o?
1
Let g(q) = q**3 - 5*q**2 - 5*q - 1. Let j be g(6). Suppose 0 = 4*l + 5*a - a - 328, 4*a = -j*l + 411. What is the tens digit of l?
8
Let g = 84 - -3. Suppose 67 = -4*a + g. What is the units digit of (-1 - -17) + a/(-5)?
5
Let j(n) = 2*n + 14*n**2 + 4 + 2*n - 12*n**2. Let a be j(-2). Suppose -a*m + 350 = m. What is the tens digit of m?
7
Let x = -4882 + 18781. What is the units digit of x?
9
Let z(b) = 65*b + 1. Let p = -134 + 130. Let t(v) = 66*v + 1. Let i(u) = p*t(u) + 3*z(u). What is the tens digit of i(-4)?
7
Let s = -271 - -292. Suppose -s*p + 15*p + 1458 = 0. What is the tens digit of p?
4
Suppose -243 = -4*k + 6*l - 7*l, -285 = -5*k + 5*l. What is the hundreds digit of (-240)/(-50)*(k + 0)?
2
Let o be ((-1014)/(-4) + -4)*-2. What is the hundreds digit of 36/(-24) - o/2?
2
What is the hundreds digit of (-9)/(-27) - (-42441)/(-9)*(-1)/1?
7
Let g(u) = 2*u**2 - 6*u - 20. Let c be g(-4). What is the tens digit of ((-767)/(-26))/(3/c)?
5
Suppose 5*u + b = 271, 130 = 2*u + 39*b - 44*b. Suppose -1834 + u = -v + 5*s, -s = -3*v + 5281. What is the units digit of v?
9
Let a = 103 + -106. Let j be -9 + -8 + 2/a*-3. What is the units digit of 7 + j/(-9) - 2/(-6)?
9
Let n(u) = u**3 + 19*u**2 + 47*u + 38. Let i(f) = f**3 + 19*f**2 + 45*f + 37. Let a(x) = 6*i(x) - 5*n(x). What is the hundreds digit of a(-15)?
4
Let a be -3 - (246/(-10) + (-4)/10). Let p = -58 + a. Let i = 69 + p. What is the units digit of i?
3
Let r = 31 + -62. Let u(g) = g**3 + 32*g**2 + 2*g + 58. What is the tens digit of u(r)?
5
Let z = -167 + 171. Suppose 0 = 3*x - c - 819, -4*c = -z*x - x + 1372. What is the hundreds digit of x?
2
Suppose 0 = 16*z - 15*z - 434. Let d = -107 + -195. Let c = z + d. What is the hundreds digit of c?
1
Let k = 66726 - 19712. What is the hundreds digit of k?
0
Let u = 14 - 14. Suppose u = -3*m - 4*k + 16, -4*k = 3*m - 4*m - 16. Suppose m*p - p + 9 = 0. What is the units digit of p?
9
Let w(s) = 299*s - 2. Suppose -89 = -50*m + 11. What is the units digit of w(m)?
6
Let w be (-320)/72 + 8/18. Let i be (-308)/10 + 3/(-15). Let b = w - i. What is the units digit of b?
7
Let g(a) = a**3 - 31*a**2 - 206*a + 72. What is the tens digit of g(46)?
3
Let t = -126 - -130. Suppose 2073 = t*r - r. What is the tens digit of r?
9
Suppose g = 6*g - 2065. Let a(o) = -219*o**3 + 2*o**2 + 7*o - 9. Let b be a(1). Let q = g + b. What is the units digit of q?
4
Let o(t) = -38*t**2 - 11*t + 4. Let s(p) = -75*p**2 - 22*p + 9. Let g(d) = 9*o(d) - 4*s(d). Let k be g(-3). Let y = -167 - k. What is the tens digit of y?
7
Let h = -17233 - -24696. What is the thousands digit of h?
7
Let b be (16 + 33)/((-2)/14). Let c = -90 - b. What is the units digit of c?
3
Let k = -13793 - -26102. What is the units digit of k?
9
Let i = 150 + -135. Suppose -i = -5*q - 4*v + 7*v, q + 2*v = -10. Suppose q = 14*z - 803 - 359. What is the tens digit of z?
8
Let y(q) = 4*q**3 + 11*q**2 - 2*q + 7. Let s(d) = -5*d**3 - 12*d**2 + 2*d - 7. Let c(i) = 5*s(i) + 6*y(i). Let w = 543 + -538. What is the units digit of c(w)?
2
Let i(t) = 1 + 1 + 6*t + 15*t - 23*t. Let x be i(-1). Suppose q = x*l + 1 + 2, 5*l = -q + 12. What is the units digit of q?
7
Let d(z) = z**3 - 17*z**2 + 12*z - 15. Let i be d(16). Let t = i - 21. What is the units digit of ((-36)/30)/(3/t)?
0
Let q = 18274 + -14168. What is the thousands digit of q?
4
Suppose -176*v + 614191 = -3595729. What is the units digit of v?
0
Let a = -57 + 59. Let f(b) = -b**3 + 3*b**2 - b. Let k be f(a). What is the units digit of 15/(-2)*((-12)/9)/k?
5
Let r(x) = -16 - 46*x + 26*x + x**2 - 16*x. What is the tens digit of r(-17)?
8
What is the tens digit of (-360764499)/(-7447) - (2/4 - (-15)/(-66))?
4
Let n(m) = 2*m**2 + 2*m - 2. Let b(z) = -5*z**2 - 5*z + 5. Let y(w) = -3*b(w) - 7*n(w). Let o be y(2). Let x = o + 32. What is the units digit of x?
7
Let x be (-308)/49 + 6 - (-2)/7. Suppose -4*z + 2 = 2*u + 6, x = 3*u - 5*z - 5. Suppose u = -3*r + 13 + 68. What is the tens digit of r?
2
Suppose -4*g + 145 = -891. Suppose -2516 = -25*i + g. What is the hundreds digit of i?
1
Suppose 4*k = 2*q - 16606, 11988 = -3*q + 4*k + 36887. What is the units digit of q?
3
Suppose 0 = -5*w - 29 + 74. Suppose n - 14 = -w. Suppose 5*b - 2*j = 203, -8 = -3*j + n*j. What is the units digit of b?
9
What is the thousands digit of (14231/(-28))/((-27)/1620)?
0
Let w = -3358 + 18535. What is the units digit of w?
7
Let y(n) = -n**2 + 9*n - 5. Let t = -52 - -60. Let r be y(t). Suppose 0 = -2*w - 5*i + 124, 0 = w + r*i - 0 - 62. What is the tens digit of w?
6
Let k(y) = -649*y + 35. Let n be k(-16). Suppose n = 32*s - 9*s. What is the tens digit of s?
5
Let a(g) = -14*g**3 + 3*g - 3. Suppose -8*r - 24 = -0*r. Let v = 1 + r. What is the tens digit of a(v)?
0
Suppose -5*m + 4*g = -26166, 85*m = 89*m + 3*g - 20939. What is the units digit of m?
4
Suppose -25 = -7*l + 2*l. Suppose 46079*n - 30 = 46073*n. Suppose -n*a + l = -0*a. What is the units digit of a?
1
Let n(z) = -z**3 + z**2 + 3*z - 2. Let b be n(2). Suppose -17*j + 20*j + 81 = b. Let x = j - -76. What is the tens digit of x?
4
Let m(b) = -13*b + 11 + 61 + 82. What is the hundreds digit of m(-26)?
4
Let z(m) = -2*m**3 - 8*m**2 + 4*m - 12. Suppose -4*w - 16 = 0, -13 - 9 = 5*s - 2*w. Let k be z(s). Suppose -5*g + k = g. What is the units digit of g?
8
Suppose 543 = -2*m - 4*w - 415, 2*m + 956 = -2*w. Let l = 1273 + m. What is the hundreds digit of l?
7
Let j be (-15)/(-5) + -4 - 3. Let b be -5*(j - (-72)/20). Suppose 5*i - 2*v - 85 = 0, -4*v = b*i + 3*i - 115. What is the tens digit of i?
1
Suppose -2*k + 6218 - 1464 = 0. Suppose 4*a = -517 + k. What is the units digit of a?
5
Let s = 1683 + -475. Let i = s + -936. What is the tens digit of i?
7
Suppose -15*k = -u - 12*k + 1200, 5*u + 5*k = 6000. What is the hundreds digit of u?
2
Le